{"id":376,"date":"2025-12-18T16:39:05","date_gmt":"2025-12-18T16:39:05","guid":{"rendered":"https:\/\/davidalbergucci.de\/?page_id=376"},"modified":"2025-12-18T16:39:05","modified_gmt":"2025-12-18T16:39:05","slug":"impressum","status":"publish","type":"page","link":"https:\/\/davidalbergucci.de\/index.php\/impressum\/","title":{"rendered":"Impressum"},"content":{"rendered":"<p>&nbsp;<\/p>\n<p>&nbsp;<\/p>\n<p>&nbsp;<\/p>\n<p data-start=\"216\" data-end=\"229\"><strong data-start=\"216\" data-end=\"229\">Impressum<\/strong><\/p>\n<p data-start=\"231\" data-end=\"278\">Angaben gem\u00e4\u00df \u00a7 5 Digitale-Dienste-Gesetz (DDG)<\/p>\n<p data-start=\"280\" data-end=\"322\"><strong data-start=\"280\" data-end=\"290\">Firma:<\/strong><br data-start=\"290\" data-end=\"293\" \/>INTINTA DI ALBERGUCCI DAVID<\/p>\n<p data-start=\"324\" data-end=\"386\"><strong data-start=\"324\" data-end=\"339\">Rechtsform:<\/strong><br data-start=\"339\" data-end=\"342\" \/>Einzelunternehmen nach italienischem Recht<\/p>\n<p data-start=\"388\" data-end=\"439\"><strong data-start=\"388\" data-end=\"418\">Inhaber \/ Vertreten durch:<\/strong><br data-start=\"418\" data-end=\"421\" \/>David Albergucci<\/p>\n<p data-start=\"441\" data-end=\"519\"><strong data-start=\"441\" data-end=\"455\">Anschrift:<\/strong><br data-start=\"455\" data-end=\"458\" \/>Via Contarina 30\/13<br data-start=\"477\" data-end=\"480\" \/>31045 Motta di Livenza (TV)<br data-start=\"507\" data-end=\"510\" \/>Italien<\/p>\n<p data-start=\"521\" data-end=\"609\"><strong data-start=\"521\" data-end=\"533\">Kontakt:<\/strong><br data-start=\"533\" data-end=\"536\" \/>Telefon: +39 393 169 4340<br data-start=\"570\" data-end=\"573\" \/>E-Mail: alberguccidavid@gmail.com<\/p>\n<p data-start=\"611\" data-end=\"680\"><strong data-start=\"611\" data-end=\"662\">Umsatzsteuer-Identifikationsnummer (USt-IdNr.):<\/strong><br data-start=\"662\" data-end=\"665\" \/>IT05011560264<\/p>\n<p data-start=\"682\" data-end=\"737\"><strong data-start=\"682\" data-end=\"716\">Steuernummer (Codice fiscale):<\/strong><br data-start=\"716\" data-end=\"719\" \/>LBRDVD88A02Z112P<\/p>\n<p data-start=\"739\" data-end=\"837\"><strong data-start=\"739\" data-end=\"795\">Verantwortlich f\u00fcr den Inhalt nach \u00a7 18 Abs. 2 MStV:<\/strong><br data-start=\"795\" data-end=\"798\" \/>David Albergucci<br data-start=\"814\" data-end=\"817\" \/>Anschrift wie oben<\/p>\n<hr data-start=\"839\" data-end=\"842\" \/>\n<p data-start=\"844\" data-end=\"868\"><strong data-start=\"844\" data-end=\"868\">EU-Streitschlichtung<\/strong><\/p>\n<p data-start=\"870\" data-end=\"1044\">Die Europ\u00e4ische Kommission stellt eine Plattform zur Online-Streitbeilegung (OS-Plattform) bereit, die Sie unter folgendem Link finden:<br data-start=\"1005\" data-end=\"1008\" \/><a class=\"decorated-link cursor-pointer\" target=\"_new\" rel=\"noopener\" data-start=\"1008\" data-end=\"1042\">https:\/\/ec.europa.eu\/consumers\/odr<\/a><\/p>\n<p data-start=\"1046\" data-end=\"1205\">[Optional, falls relevant:]<br data-start=\"1074\" data-end=\"1077\" \/>Wir sind nicht verpflichtet und nicht bereit, an Streitbeilegungsverfahren vor einer Verbraucherschlichtungsstelle teilzunehmen.<\/p>\n","protected":false},"excerpt":{"rendered":"<p>&nbsp; &nbsp; &nbsp; Impressum Angaben gem\u00e4\u00df \u00a7 5 Digitale-Dienste-Gesetz (DDG) Firma:INTINTA DI ALBERGUCCI DAVID Rechtsform:Einzelunternehmen nach italienischem Recht Inhaber \/ Vertreten durch:David Albergucci Anschrift:Via Contarina 30\/1331045 Motta di Livenza (TV)Italien Kontakt:Telefon: +39 393 169 4340E-Mail: alberguccidavid@gmail.com Umsatzsteuer-Identifikationsnummer (USt-IdNr.):IT05011560264 Steuernummer (Codice fiscale):LBRDVD88A02Z112P Verantwortlich f\u00fcr den Inhalt nach \u00a7 18 Abs. 2 MStV:David AlbergucciAnschrift wie oben EU-Streitschlichtung [&hellip;]<\/p>\n","protected":false},"author":1,"featured_media":0,"parent":0,"menu_order":0,"comment_status":"closed","ping_status":"closed","template":"","meta":{"_acf_changed":false,"footnotes":""},"class_list":["post-376","page","type-page","status-publish","hentry"],"acf":[],"yoast_head":"<!-- This site is optimized with the Yoast SEO plugin v26.6 - https:\/\/yoast.com\/wordpress\/plugins\/seo\/ -->\n<title>Impressum - David Albergucci Real Estate Facilitator Ihr Bindeglied f\u00fcr Immobilienprojekte in Italien<\/title>\n<meta name=\"robots\" content=\"index, follow, max-snippet:-1, max-image-preview:large, max-video-preview:-1\" \/>\n<link rel=\"canonical\" href=\"https:\/\/davidalbergucci.de\/index.php\/impressum\/\" \/>\n<meta property=\"og:locale\" content=\"de_DE\" \/>\n<meta property=\"og:type\" content=\"article\" \/>\n<meta property=\"og:title\" content=\"Impressum - David Albergucci Real Estate Facilitator Ihr Bindeglied f\u00fcr Immobilienprojekte in Italien\" \/>\n<meta property=\"og:description\" content=\"&nbsp; &nbsp; &nbsp; Impressum Angaben gem\u00e4\u00df \u00a7 5 Digitale-Dienste-Gesetz (DDG) Firma:INTINTA DI ALBERGUCCI DAVID Rechtsform:Einzelunternehmen nach italienischem Recht Inhaber \/ Vertreten durch:David Albergucci Anschrift:Via Contarina 30\/1331045 Motta di Livenza (TV)Italien Kontakt:Telefon: +39 393 169 4340E-Mail: alberguccidavid@gmail.com Umsatzsteuer-Identifikationsnummer (USt-IdNr.):IT05011560264 Steuernummer (Codice fiscale):LBRDVD88A02Z112P Verantwortlich f\u00fcr den Inhalt nach \u00a7 18 Abs. 2 MStV:David AlbergucciAnschrift wie oben EU-Streitschlichtung [&hellip;]\" \/>\n<meta property=\"og:url\" content=\"https:\/\/davidalbergucci.de\/index.php\/impressum\/\" \/>\n<meta property=\"og:site_name\" content=\"David Albergucci Real Estate Facilitator Ihr Bindeglied f\u00fcr Immobilienprojekte in Italien\" \/>\n<meta property=\"article:publisher\" content=\"https:\/\/www.facebook.com\/p\/David-Albergucci-Renovation-Real-Estate-Liaison-Officer-61557426180900\/\" \/>\n<meta name=\"twitter:card\" content=\"summary_large_image\" \/>\n<script type=\"application\/ld+json\" class=\"yoast-schema-graph\">{\"@context\":\"https:\/\/schema.org\",\"@graph\":[{\"@type\":\"WebPage\",\"@id\":\"https:\/\/davidalbergucci.de\/index.php\/impressum\/\",\"url\":\"https:\/\/davidalbergucci.de\/index.php\/impressum\/\",\"name\":\"Impressum - David Albergucci Real Estate Facilitator Ihr Bindeglied f\u00fcr Immobilienprojekte in Italien\",\"isPartOf\":{\"@id\":\"https:\/\/davidalbergucci.de\/#website\"},\"datePublished\":\"2025-12-18T16:39:05+00:00\",\"breadcrumb\":{\"@id\":\"https:\/\/davidalbergucci.de\/index.php\/impressum\/#breadcrumb\"},\"inLanguage\":\"de\",\"potentialAction\":[{\"@type\":\"ReadAction\",\"target\":[\"https:\/\/davidalbergucci.de\/index.php\/impressum\/\"]}]},{\"@type\":\"BreadcrumbList\",\"@id\":\"https:\/\/davidalbergucci.de\/index.php\/impressum\/#breadcrumb\",\"itemListElement\":[{\"@type\":\"ListItem\",\"position\":1,\"name\":\"Start\",\"item\":\"https:\/\/davidalbergucci.de\/\"},{\"@type\":\"ListItem\",\"position\":2,\"name\":\"Impressum\"}]},{\"@type\":\"WebSite\",\"@id\":\"https:\/\/davidalbergucci.de\/#website\",\"url\":\"https:\/\/davidalbergucci.de\/\",\"name\":\"David Albergucci Real Estate Facilitator Ihr Bindeglied f\u00fcr Immobilienprojekte in Italien\",\"description\":\"\",\"publisher\":{\"@id\":\"https:\/\/davidalbergucci.de\/#organization\"},\"potentialAction\":[{\"@type\":\"SearchAction\",\"target\":{\"@type\":\"EntryPoint\",\"urlTemplate\":\"https:\/\/davidalbergucci.de\/?s={search_term_string}\"},\"query-input\":{\"@type\":\"PropertyValueSpecification\",\"valueRequired\":true,\"valueName\":\"search_term_string\"}}],\"inLanguage\":\"de\"},{\"@type\":\"Organization\",\"@id\":\"https:\/\/davidalbergucci.de\/#organization\",\"name\":\"David Albergucci Real Estate Facilitator Ihr Bindeglied f\u00fcr Immobilienprojekte in Italien\",\"url\":\"https:\/\/davidalbergucci.de\/\",\"logo\":{\"@type\":\"ImageObject\",\"inLanguage\":\"de\",\"@id\":\"https:\/\/davidalbergucci.de\/#\/schema\/logo\/image\/\",\"url\":\"https:\/\/davidalbergucci.de\/wp-content\/uploads\/2025\/10\/DavidAlbergucci_Logo_B-02-e1771087296339.png\",\"contentUrl\":\"https:\/\/davidalbergucci.de\/wp-content\/uploads\/2025\/10\/DavidAlbergucci_Logo_B-02-e1771087296339.png\",\"width\":6587,\"height\":2854,\"caption\":\"David Albergucci Real Estate Facilitator Ihr Bindeglied f\u00fcr Immobilienprojekte in Italien\"},\"image\":{\"@id\":\"https:\/\/davidalbergucci.de\/#\/schema\/logo\/image\/\"},\"sameAs\":[\"https:\/\/www.facebook.com\/p\/David-Albergucci-Renovation-Real-Estate-Liaison-Officer-61557426180900\/\",\"https:\/\/it.linkedin.com\/in\/davidalbergucci\"]}]}<\/script>\n<!-- \/ Yoast SEO plugin. -->","yoast_head_json":{"title":"Impressum - David Albergucci Real Estate Facilitator Ihr Bindeglied f\u00fcr Immobilienprojekte in Italien","robots":{"index":"index","follow":"follow","max-snippet":"max-snippet:-1","max-image-preview":"max-image-preview:large","max-video-preview":"max-video-preview:-1"},"canonical":"https:\/\/davidalbergucci.de\/index.php\/impressum\/","og_locale":"de_DE","og_type":"article","og_title":"Impressum - David Albergucci Real Estate Facilitator Ihr Bindeglied f\u00fcr Immobilienprojekte in Italien","og_description":"&nbsp; &nbsp; &nbsp; Impressum Angaben gem\u00e4\u00df \u00a7 5 Digitale-Dienste-Gesetz (DDG) Firma:INTINTA DI ALBERGUCCI DAVID Rechtsform:Einzelunternehmen nach italienischem Recht Inhaber \/ Vertreten durch:David Albergucci Anschrift:Via Contarina 30\/1331045 Motta di Livenza (TV)Italien Kontakt:Telefon: +39 393 169 4340E-Mail: alberguccidavid@gmail.com Umsatzsteuer-Identifikationsnummer (USt-IdNr.):IT05011560264 Steuernummer (Codice fiscale):LBRDVD88A02Z112P Verantwortlich f\u00fcr den Inhalt nach \u00a7 18 Abs. 2 MStV:David AlbergucciAnschrift wie oben EU-Streitschlichtung [&hellip;]","og_url":"https:\/\/davidalbergucci.de\/index.php\/impressum\/","og_site_name":"David Albergucci Real Estate Facilitator Ihr Bindeglied f\u00fcr Immobilienprojekte in Italien","article_publisher":"https:\/\/www.facebook.com\/p\/David-Albergucci-Renovation-Real-Estate-Liaison-Officer-61557426180900\/","twitter_card":"summary_large_image","schema":{"@context":"https:\/\/schema.org","@graph":[{"@type":"WebPage","@id":"https:\/\/davidalbergucci.de\/index.php\/impressum\/","url":"https:\/\/davidalbergucci.de\/index.php\/impressum\/","name":"Impressum - David Albergucci Real Estate Facilitator Ihr Bindeglied f\u00fcr Immobilienprojekte in Italien","isPartOf":{"@id":"https:\/\/davidalbergucci.de\/#website"},"datePublished":"2025-12-18T16:39:05+00:00","breadcrumb":{"@id":"https:\/\/davidalbergucci.de\/index.php\/impressum\/#breadcrumb"},"inLanguage":"de","potentialAction":[{"@type":"ReadAction","target":["https:\/\/davidalbergucci.de\/index.php\/impressum\/"]}]},{"@type":"BreadcrumbList","@id":"https:\/\/davidalbergucci.de\/index.php\/impressum\/#breadcrumb","itemListElement":[{"@type":"ListItem","position":1,"name":"Start","item":"https:\/\/davidalbergucci.de\/"},{"@type":"ListItem","position":2,"name":"Impressum"}]},{"@type":"WebSite","@id":"https:\/\/davidalbergucci.de\/#website","url":"https:\/\/davidalbergucci.de\/","name":"David Albergucci Real Estate Facilitator Ihr Bindeglied f\u00fcr Immobilienprojekte in Italien","description":"","publisher":{"@id":"https:\/\/davidalbergucci.de\/#organization"},"potentialAction":[{"@type":"SearchAction","target":{"@type":"EntryPoint","urlTemplate":"https:\/\/davidalbergucci.de\/?s={search_term_string}"},"query-input":{"@type":"PropertyValueSpecification","valueRequired":true,"valueName":"search_term_string"}}],"inLanguage":"de"},{"@type":"Organization","@id":"https:\/\/davidalbergucci.de\/#organization","name":"David Albergucci Real Estate Facilitator Ihr Bindeglied f\u00fcr Immobilienprojekte in Italien","url":"https:\/\/davidalbergucci.de\/","logo":{"@type":"ImageObject","inLanguage":"de","@id":"https:\/\/davidalbergucci.de\/#\/schema\/logo\/image\/","url":"https:\/\/davidalbergucci.de\/wp-content\/uploads\/2025\/10\/DavidAlbergucci_Logo_B-02-e1771087296339.png","contentUrl":"https:\/\/davidalbergucci.de\/wp-content\/uploads\/2025\/10\/DavidAlbergucci_Logo_B-02-e1771087296339.png","width":6587,"height":2854,"caption":"David Albergucci Real Estate Facilitator Ihr Bindeglied f\u00fcr Immobilienprojekte in Italien"},"image":{"@id":"https:\/\/davidalbergucci.de\/#\/schema\/logo\/image\/"},"sameAs":["https:\/\/www.facebook.com\/p\/David-Albergucci-Renovation-Real-Estate-Liaison-Officer-61557426180900\/","https:\/\/it.linkedin.com\/in\/davidalbergucci"]}]}},"_hostinger_reach_plugin_has_subscription_block":false,"_hostinger_reach_plugin_is_elementor":false,"_links":{"self":[{"href":"https:\/\/davidalbergucci.de\/index.php\/wp-json\/wp\/v2\/pages\/376","targetHints":{"allow":["GET"]}}],"collection":[{"href":"https:\/\/davidalbergucci.de\/index.php\/wp-json\/wp\/v2\/pages"}],"about":[{"href":"https:\/\/davidalbergucci.de\/index.php\/wp-json\/wp\/v2\/types\/page"}],"author":[{"embeddable":true,"href":"https:\/\/davidalbergucci.de\/index.php\/wp-json\/wp\/v2\/users\/1"}],"replies":[{"embeddable":true,"href":"https:\/\/davidalbergucci.de\/index.php\/wp-json\/wp\/v2\/comments?post=376"}],"version-history":[{"count":1,"href":"https:\/\/davidalbergucci.de\/index.php\/wp-json\/wp\/v2\/pages\/376\/revisions"}],"predecessor-version":[{"id":380,"href":"https:\/\/davidalbergucci.de\/index.php\/wp-json\/wp\/v2\/pages\/376\/revisions\/380"}],"wp:attachment":[{"href":"https:\/\/davidalbergucci.de\/index.php\/wp-json\/wp\/v2\/media?parent=376"}],"curies":[{"name":"wp","href":"https:\/\/api.w.org\/{rel}","templated":true}]}}